13
11c0
Convert -46474 (base 8) to base 10.
-19772
Convert 10310 (base 4) to base 5.
2213
19c (base 15) to base 16
174
Convert -14022 (base 7) to base 10.
-3789
What is -1212102 (base 4) in base 15?
-1e16
-36255 (base 7) to base 5
-300044
34553 (base 6) to base 12
2a59
Convert -461 (base 14) to base 5.
-11434
10221 (base 4) to base 2
100101001
-313322 (base 4) to base 16
-dfa
What is -1746 (base 8) in base 5?
-12443
2e1 (base 16) to base 3
1000022
-1a22 (base 15) to base 14
-20c1
What is 9788 (base 12) in base 10?
16664
Convert 12cd (base 14) to base 2.
110011110101
4c8 (base 15) to base 14
57a
6463 (base 7) to base 6
14351
What is -17677 (base 9) in base 6?
-132324
Convert -29a (base 12) to base 8.
-626
What is 5b7 (base 13) in base 4?
33203
-286 (base 11) to base 16
-150
What is -806 (base 16) in base 12?
-1232
-4a8 (base 14) to base 5
-12212
52130 (base 9) to base 15
a2b6
What is -1011011101111000 (base 2) in base 15?
-ddb3
What is -1100243 (base 5) in base 8?
-44607
Convert 438 (base 11) to base 2.
1000001101
Convert 22024 (base 10) to base 11.
15602
Convert -179c (base 15) to base 3.
-20222210
Convert 211220 (base 3) to base 14.
322
-118a (base 11) to base 2
-11000001110
What is 546 (base 9) in base 2?
110111111
Convert -1101001010101010 (base 2) to base 14.
-15922
Convert -548c (base 16) to base 6.
-244112
What is -359 (base 10) in base 8?
-547
5c3a (base 15) to base 5
1112010
-4a (base 15) to base 5
-240
8f8 (base 16) to base 15
a31
What is -1031 (base 11) in base 6?
-10153
1de4 (base 16) to base 6
55232
872 (base 12) to base 16
4d6
What is 12e3 (base 16) in base 10?
4835
Convert 18394 (base 10) to base 9.
27207
2dee (base 15) to base 13
4676
-145551 (base 6) to base 5
-424001
Convert -110100000011 (base 2) to base 16.
-d03
-942 (base 16) to base 5
-33440
-1211212 (base 3) to base 4
-111002
-2001010210 (base 3) to base 8
-116405
What is 221213 (base 6) in base 5?
1042231
-826b (base 14) to base 10
-22439
What is -7038 (base 10) in base 8?
-15576
Convert -12332231 (base 4) to base 13.
-10022
-11001011111111 (base 2) to base 9
-18815
What is -140 (base 8) in base 2?
-1100000
-3b40 (base 12) to base 2
-1101010100000
Convert -46663 (base 9) to base 15.
-9376
1023300 (base 4) to base 9
6576
21937 (base 10) to base 3
1010002111
What is 12021202 (base 3) in base 12?
2292
-90 (base 11) to base 10
-99
What is 522 (base 7) in base 4?
10011
What is c9c (base 13) in base 7?
6201
11000101101 (base 2) to base 4
120231
Convert 3490 (base 11) to base 10.
4576
-15b (base 12) to base 8
-327
What is -202512 (base 6) in base 2?
-11111100101100
Convert -ddca (base 15) to base 8.
-133616
Convert 11031203 (base 4) to base 13.
9941
Convert 594 (base 16) to base 5.
21203
What is -c5d1 (base 16) in base 15?
-10011
Convert -9302 (base 10) to base 13.
-4307
What is -211111 (base 3) in base 5?
-4412
What is -226 (base 11) in base 3?
-101000
Convert -11333 (base 6) to base 2.
-11001101001
-528 (base 12) to base 7
-2123
What is 115401 (base 6) in base 7?
42010
Convert -2101012 (base 3) to base 7.
-5024
What is 376 (base 8) in base 2?
11111110
Convert 1b6 (base 13) to base 5.
2233
What is -8643 (base 12) in base 15?
-4579
-4103 (base 6) to base 4
-32013
What is 112211 (base 4) in base 6?
10405
Convert -2110313 (base 4) to base 12.
-561b
11973 (base 14) to base 3
2012000112
What is 16942 (base 12) in base 2?
111111011000010
What is -4a0a (base 15) in base 11?
-10928
What is 572 (base 10) in base 5?
4242
Convert -113402 (base 6) to base 2.
-10011010001010
What is -97 (base 14) in base 7?
-250
What is 2d9 (base 16) in base 6?
3213
Convert -1211001 (base 3) to base 11.
-aa4
What is -4123 (base 6) in base 5?
-12130
Convert -102012021 (base 3) to base 10.
-8161
What is 258 (base 13) in base 11?
344
263 (base 11) to base 8
467
What is 111110 (base 3) in base 16?
16b
Convert 131520 (base 6) to base 14.
4584
Convert 18277 (base 11) to base 13.
b875
What is a4 (base 16) in base 6?
432
What is -6365 (base 9) in base 13?
-2189
What is -2211331 (base 4) in base 5?
-314441
Convert 226 (base 12) to base 15.
163
What is 1111111110010 (base 2) in base 12?
4896
Convert 1b (base 12) to base 16.
17
What is 260 (base 13) in base 11?
349
Convert 4044 (base 7) to base 11.
1067
-2102000 (base 3) to base 7
-5055
What is 22503 (base 9) in base 4?
3222030
Convert -632 (base 7) to base 2.
-100111101
What is -100102102 (base 3) in base 6?
-51445
What is -100210 (base 3) in base 5?
-2024
1 (base 2) to base 3
1
Convert 3b2 (base 16) to base 2.
1110110010
Convert 31010 (base 4) to base 8.
1504
What is -121a (base 11) in base 4?
-120322
Convert 1a8d0 (base 14) to base 12.
3315a
What is -1122 (base 12) in base 6?
-12442
4224 (base 7) to base 13
8a6
What is -10221022102 (base 3) in base 15?
-17e6b
What is ba (base 15) in base 14?
c7
What is -125 (base 10) in base 9?
-148
53ec (base 15) to base 6
214140
103 (base 9) to base 15
59
What is b9a5 (base 16) in base 8?
134645
Convert 30116 (base 8) to base 10.
12366
Convert -206 (base 9) to base 16.
-a8
Convert -18114 (base 10) to base 15.
-5579
138 (base 9) to base 11
a6
Convert -439 (base 13) to base 6.
-3204
-411120 (base 6) to base 13
-11b38
-2300 (base 5) to base 9
-401
Convert -132 (base 10) to base 2.
-10000100
-803 (base 16) to base 5
-31201
What is -37aa (base 13) in base 5?
-223124
What is 10110 (base 5) in base 8?
1217
10100101100101111 (base 2) to base 8
245457
Convert -115121 (base 6) to base 10.
-10201
Convert -b6 (base 16) to base 2.
-10110110
What is -10110111100100 (base 2) in base 4?
-2313210
21243 (base 8) to base 4
2022203
204 (base 13) to base 7
666
Convert 10123144 (base 5) to base 14.
22312
What is 1540 (base 7) in base 3?
211211
What is 110123 (base 4) in base 8?
2433
Convert -1000101111101 (base 2) to base 12.
-2711
What is 12112 (base 4) in base 12?
29a
Convert 73766 (base 9) to base 7.
262050
Convert -3132 (base 7) to base 11.
-911
1122 (base 9) to base 10
830
Convert 57c (base 14) to base 8.
2102
-3266 (base 7) to base 3
-1121112
Convert -12100301 (base 4) to base 13.
-b8a0
-b22 (base 15) to base 2
-100111001011
Convert 3381 (base 10) to base 14.
1337
What is 506254 (base 7) in base 9?
141251
What is cdd (base 16) in base 10?
3293
Convert -13232 (base 5) to base 15.
-4b2
Convert -5436 (base 7) to base 2.
-11110010010
What is 7378 (base 14) in base 12?
b626
What is 321 (base 7) in base 9?
200
Convert 7713 (base 8) to base 11.
3046
102300 (base 8) to base 10
33984
What is -8556 (base 11) in base 15?
-3544
Convert -133113 (base 4) to base 11.
-1565
Convert -119c (base 15) to base 11.
-28a7
-313214 (base 6) to base 14
-9350
What is 230130 (base 4) in base 3?
10220100
What is -1577 (base 11) in base 3?
-2202211
Convert 1d25 (base 16) to base 11.
5673
What is 1001101010 (base 2) in base 6?
2510
-501 (base 10) to base 6
-2153
-24b7 (base 14) to base 6
-45441
0 (base 9) to base 5
0
What is -de (base 16) in base 12?
-166
Convert 11b (base 12) to base 13.
cb
What is -2745 (base 8) in base 10?
-1509
What is 10101011 (base 2) in base 5?
1141
6325 (base 10) to base 8
14265
Convert 1738 (base 12) to base 11.
20a8
What is -12221112 (base 3) in base 5?
-114314
Convert 32420 (base 6) to base 4.
1011330
Convert -2360 (base 13) to base 7.
-20342
Convert -10103 (base 4) to base 5.
-2100
2025 (base 6) to base 9
548
-333 (base 6) to base 4
-2001
What is -554 (base 10) in base 12?
-3a2
What is -350a (base 11) in base 5?
-121413
What is -3aa31 (base 12) in base 6?
-1422501
-387 (base 16) to base 6
-4103
6293 (base 10) to base 7
24230
Convert -2401 (base 8) to base 13.
-777
What is 7782 (base 9) in base 7?
22514
What is 32120 (base 5) in base 12?
1300
Convert -42c1 (base 16) to base 9.
-25387
Convert -d195 (base 16) to base 10.
-53653
What is 120102 (base 3) in base 4?
12200
What is -15204 (base 6) in base 12?
-1504
What is 3032220 (base 4) in base 12?
77a0
Convert -14 (base 11) to base 15.
-10
-30552 (base 8) to base 4
-3011222
-457 (base 8) to base 12
-213
What is -132313 (base 7) in base 6?
-311021
What is -10031 (base 4) in base 5?
-2034
What is -151 (base 11) in base 12?
-129
Convert 1467 (base 12) to base 15.
a8d
What is 22124 (base 10) in base 3?
1010100102
Convert 53405 (base 6) to base 4.
1301231
What is 6465 (base 12) in base 11?
830a
Conver